f 108 and v.
4
Suppose 24 = -43*l + 47*l, -y - 4*l + 59 = 0. What is the greatest common factor of y and 8365?
35
Let t = 8168 + -7940. Let u(j) = -j + 7. Let a be u(-5). Calculate the highest common divisor of a and t.
12
Let w(u) = -14*u - 2. Let f be w(-3). Let v be 19/(-38) - (-36)/(-48)*(-98)/3. What is the highest common divisor of v and f?
8
Suppose -79*i - 23792 = -74036. Calculate the greatest common divisor of 12 and i.
12
Suppose 10 = -2*z, 5*y + 12*z - 7*z - 22430 = 0. Calculate the greatest common divisor of y and 36.
9
Suppose -124*x + 18877 = -14231. What is the greatest common divisor of x and 69?
3
Suppose -4*w = -2*r - 2, r + 4*w - 17 = -2*r. Let i be (r - 4)/((-10)/220). Calculate the greatest common factor of 6 and i.
2
Let h = 437 - 660. Let b = h + 239. What is the greatest common divisor of b and 112?
16
Let s be (-108)/162*(-27)/2. Suppose 0 = 5*d + 386 - 26. Let i be (-4)/(1*4/d). What is the highest common factor of i and s?
9
Suppose 184 + 680 = 3*p. Suppose 0 = -2*c - 13*z + 153 - 70, -3*c + z + 22 = 0. What is the highest common factor of c and p?
9
Suppose 0 = 2*g - 10, 0*j + 4*j = -5*g + 1905. Let r = -333 + j. Let l = r - 61. Calculate the greatest common divisor of 38 and l.
38
Let y = 113 - 192. Let q = -63 - y. What is the highest common factor of q and 64?
16
Suppose -3*o = -3*r - 24, 0 = o - 2*r - r. Let j = 216 + -212. What is the highest common factor of j and o?
4
Let v(a) = a**3 + 37*a**2 + 111*a - 82. Let n be v(-34). Let u = n - -450. Suppose 0 = -5*p + 3 + 152. Calculate the greatest common divisor of u and p.
31
Let k be ((-16)/(-1) - -1)/((-84)/(-336)). Calculate the greatest common divisor of 4964 and k.
68
Suppose -4*p = -4*j - 8, 6 - 20 = -4*p + j. Let h be 161/14 - p/8. Calculate the greatest common factor of 704 and h.
11
Let n = -33 + 35. Let s = n + 66. Suppose -5*f + s = d, -4*d = 5*f - 2*d - 66. Calculate the highest common factor of f and 2.
2
Suppose -27453 = -3*f - 3*p, -9166 = -5*f + 4*f + 2*p. What is the greatest common divisor of f and 84?
84
Let k(q) = -q**3 + 23*q**2 + 27*q - 64. Let t be k(24). Let m be 5/(((-4)/(-54))/2). Suppose -t*p + m = p. What is the highest common divisor of 45 and p?
15
Suppose -130 = -4*b - 50. Let s be (-1 - 1)*75*16/(-24). Calculate the greatest common divisor of b and s.
20
Let s(q) = -q**3 + 9*q**2 + 17*q + 57. Let r be s(11). Suppose 5*m + 0*m = -3*p + 258, 5*m = r*p - 197. What is the highest common factor of 7 and p?
7
Let b be 198/(-15)*(-600)/180. Let y = 268 - 180. What is the highest common divisor of b and y?
44
Let g(y) = -y**3 - 26*y**2 + 53*y - 64. Let s be g(-28). Suppose -3*t = -5*h + 43, 2*h - s*t = -25*t + 42. What is the greatest common divisor of h and 88?
11
Suppose 4 = -3*t + 4. Suppose -3*w - 3*u + 108 = t, w - 2*u = 2*u + 36. Let y = 567 + -171. Calculate the highest common divisor of y and w.
36
Let h(z) = 186*z**2 + 18*z - 17. Let k be h(1). Let v = -16 - -33. Calculate the greatest common factor of v and k.
17
Suppose -3*v - 5*s + 186 = 0, 2*s + 186 = -0*v + 3*v. Suppose v = 8*k + 6. What is the greatest common factor of k and 119?
7
Suppose -3*g + 159195 = 5*u, -641*g + 106108 = -639*g - 4*u. What is the highest common divisor of 140 and g?
140
Suppose 823*i = 768*i + 330. What is the greatest common factor of 213 and i?
3
Let h(v) = -v**3 - 2*v. Suppose 4*l = r - 12, -5*r - l + 6*l = 0. Let k be h(r). Let j = 11230 + -11222. Calculate the highest common divisor of k and j.
8
Let h(j) = -99*j - 189. Let z be h(-2). Let i(n) = -3*n + n**2 - 4*n - 3 + 1. Let d be i(z). Calculate the greatest common divisor of d and 48.
16
Let d(a) = 6*a + 4. Let v be d(0). Suppose 3*h = -5*n + 8*h + 50, 2*n + v*h = -10. Calculate the greatest common divisor of 3 and n.
1
Let g = 8 + 68. Suppose 0 = 5*s - 4*x - 16, s + x = 3 + 2. What is the greatest common factor of g and s?
4
Suppose -171 = -i - 18*i. Suppose -9 - 1 = 2*x. Let z be (30/i)/x - (-41)/3. Calculate the highest common factor of 104 and z.
13
Let s be -2 - (-10)/4*4. Let d(h) = 14*h**2 - 1566*h - 1780. Let j be d(113). Calculate the greatest common divisor of j and s.
4
Suppose 2*a - 1322 = -2*l + 102, -2*a = 4*l - 2840. What is the greatest common divisor of l and 472?
236
Suppose 0 = 5*l - 4*p - 2687, -3*l + 1831 - 204 = 5*p. What is the highest common divisor of 231 and l?
77
Suppose 6994 + 17068 = 252*o - 4666. Let d(w) = -w + 266. Let x be d(0). What is the highest common factor of x and o?
38
Let z(f) = -6*f**3 - 8*f**3 + 2*f + 9 + 15*f**3. Let i be z(0). Let m be (-2 - 1)/(1/(-24)). Calculate the greatest common divisor of m and i.
9
Let w(b) = b - 1. Let t be w(5). Suppose 0 = 11*d + 26*d - 111. Suppose 5*l + 17 = -u, -2*u - 2*l + 3 + d = 0. Calculate the highest common divisor of u and t.
4
Let m(h) = 3*h**2 - 3*h + 3. Let l be m(1). Let u be -1 - -25 - 1 - (1 - l). What is the greatest common divisor of u and 50?
25
Suppose 0 = 2*i - 871 - 3. Let v = i - 362. Calculate the greatest common divisor of v and 30.
15
Let h be 4 - 5 - (3 - 21). What is the greatest common divisor of h and 4981?
17
Let u be (-24 - (-9)/3)*-1. Let g = -27 - -25. Let i be ((-112)/6)/g*24/16. What is the greatest common factor of i and u?
7
Suppose -81*r + 1309 + 2733 = -38*r. What is the highest common factor of r and 5029?
47
Let g(i) = -3*i + 54. Suppose 32 = -4*k + 6*k. Let q be g(k). Let a(p) = 11*p - 32. Let l be a(q). What is the highest common factor of l and 17?
17
Suppose -67*d - 103 = -50*d - 443. What is the greatest common divisor of d and 4210?
10
Let p(l) = 4*l + 27. Let q be p(-18). Let a = q - -56. Calculate the highest common factor of a and 11.
11
Suppose 3 = -6*i + 9*i, -3*i - 79965 = -3*n. What is the greatest common divisor of 7 and n?
7
Let d = 3270 - 2423. Calculate the greatest common divisor of d and 605.
121
Let n = 337 - 259. Calculate the greatest common factor of 416 and n.
26
Let k = 34618 + -14243. Calculate the greatest common divisor of k and 326.
163
Let q(s) = s**2 - 11*s - 147. Let f be q(-8). Calculate the highest common divisor of 32 and f.
1
Let b(j) = j**3 + 22*j**2 - 66*j + 36. Let i be b(-12). What is the highest common divisor of i and 18?
18
Let g = 1031 - 532. Suppose 10*i - g = -149. Let d be 7 - ((-1)/1 - -3). Calculate the greatest common divisor of i and d.
5
Let a(w) = 7*w + 8. Let i be a(-12). Let h = 79 + i. Suppose 224 = x + t, 0 = 4*t - 7*t - h. Calculate the highest common divisor of 25 and x.
25
Let t be ((-7758)/(-8))/((-128)/(-1536)). What is the greatest common factor of 81 and t?
27
Suppose -16*p - 1014 + 1830 = 0. Calculate the greatest common divisor of p and 272.
17
Let w = -645 - -1091. Suppose 22*g + w - 1282 = 0. What is the greatest common divisor of g and 2?
2
Let x = -12 + 12. Suppose 3*c - 2*d + x*d = 179, -d + 110 = 2*c. Let f = c - -24. What is the greatest common factor of 18 and f?
9
Let y(k) = -7*k + 53. Let l be y(7). Suppose l + 86 = 6*q. What is the greatest common factor of 6 and q?
3
Let b be (-10)/(-25) + 6/10 + 3. Suppose -14 - 11 = -5*p. Suppose -d = -p*d + b. What is the highest common divisor of 7 and d?
1
Suppose 2*j + j + 4*a = 893, -25 = -5*a. Let k = 669 - j. What is the highest common factor of k and 42?
42
Let r = 32 - 20. Suppose 3*n = 5*a - 4*a + 13, -a + 3 = n. Let u(h) = h**3 - 2*h**2 - 2*h - 8. Let z be u(n). Calculate the greatest common divisor of r and z.
4
Suppose -l + 2 = -3. Suppose 118 = l*z + c, 0 = -3*z + 4*c + 20 + 60. Suppose -3*k - 1 - 11 = 0, -2*k - 14 = -h. What is the greatest common divisor of z and h?
6
Let t = 446 + -359. What is the greatest common divisor of 4263 and t?
87
Let t be (-18)/30 - (-548)/5. Suppose 7 + 13 = 4*s, 269 = 3*p - 5*s. Let f = t - p. Calculate the greatest common factor of 77 and f.
11
Suppose 0*b - b + 58 = 0. Let h = b - 33. Let y = -390 - -415. What is the greatest common factor of y and h?
25
Let v(m) = m**2 + 8*m + 741. Let q be v(38). What is the greatest common divisor of q and 57?
19
Let q be (2 + -1)*6*21/14. Let v be (-598)/(-117) + (-1)/q. Calculate the highest common divisor of v and 15.
5
Let l(v) = 3*v**3 + 38*v**2 - 21*v - 76. Let k be l(-12). What is the highest common factor of 112 and k?
16
Suppose 79*g - 405 = 70*g. Calculate the highest c